{"id":37,"date":"2023-03-10T18:04:43","date_gmt":"2023-03-10T17:04:43","guid":{"rendered":"http:\/\/saje-consulting.fr\/?page_id=37"},"modified":"2025-09-15T09:49:45","modified_gmt":"2025-09-15T07:49:45","slug":"formation","status":"publish","type":"page","link":"https:\/\/www.saje-consulting.fr\/?page_id=37","title":{"rendered":"Les formations EBP"},"content":{"rendered":"<p>&nbsp;<\/p>\r\n<p><img loading=\"lazy\" class=\"alignnone  wp-image-164\" src=\"http:\/\/www.saje-consulting.fr\/wp-content\/uploads\/2023\/03\/EBP-1-300x95.png\" alt=\"\" width=\"752\" height=\"238\" srcset=\"https:\/\/www.saje-consulting.fr\/wp-content\/uploads\/2023\/03\/EBP-1-300x95.png 300w, https:\/\/www.saje-consulting.fr\/wp-content\/uploads\/2023\/03\/EBP-1-1024x324.png 1024w, https:\/\/www.saje-consulting.fr\/wp-content\/uploads\/2023\/03\/EBP-1-768x243.png 768w, https:\/\/www.saje-consulting.fr\/wp-content\/uploads\/2023\/03\/EBP-1-1536x487.png 1536w, https:\/\/www.saje-consulting.fr\/wp-content\/uploads\/2023\/03\/EBP-1.png 1692w\" sizes=\"(max-width: 752px) 100vw, 752px\" \/><\/p>\r\n<p>&nbsp;<\/p>\r\n<p>Les <strong>formations<\/strong> EBP sont <strong>vari\u00e9es et adapt\u00e9es \u00e0 tous<\/strong> : de la d\u00e9couverte des fonctions principales, \u00e0 la ma\u00eetrise totale de votre solution, en passant par des formations m\u00e9tiers ou th\u00e9matiques, faites votre choix !<br \/><br \/>CV de notre formateur : <a href=\"http:\/\/www.saje-consulting.fr\/wp-content\/uploads\/2023\/03\/CV-Sylvain-ROCHE.pdf\">ROCHE Sylvain<\/a><\/p>\r\n<p>R\u00e9glement int\u00e9rieur : <a href=\"http:\/\/www.saje-consulting.fr\/wp-content\/uploads\/2023\/03\/Reglement-interieur.pdf\">T\u00e9l\u00e9chargement<\/a><\/p>\r\n<p>Co\u00fbt : 900\u20ac ht\/jour &#8211; 475\u20ac ht\/demi-journ\u00e9e &#8211; 135\u20ac ht\/heure<\/p>\r\n<p>D\u00e9lais de r\u00e9ponse \u00e0 votre demande et de mise en oeuvre : 1 \u00e0 3 Mois<\/p>\r\n<p>M\u00e9thode : En pr\u00e9sentielle chez vous \u00e9valuation sous forme d&rsquo;exercice pratique et questionnement.<\/p>\r\n<p>Nos formations sont accessibles aux personnes en situation de handicap.<\/p>\r\n<p>5 entreprises form\u00e9es et plus de 15 personnes form\u00e9es depuis 2023.<\/p>\r\n<p><!--more--><\/p>\r\n\r\n<p>Vous trouverez ci-dessous nos programmes de formation \u00e0 t\u00e9l\u00e9charger.<\/p>\r\n<p>&nbsp;<\/p>\r\n<table>\r\n<tbody>\r\n<tr>\r\n<td><img loading=\"lazy\" class=\"alignnone  wp-image-159\" src=\"http:\/\/www.saje-consulting.fr\/wp-content\/uploads\/2023\/03\/compta.png\" alt=\"\" width=\"110\" height=\"110\" srcset=\"https:\/\/www.saje-consulting.fr\/wp-content\/uploads\/2023\/03\/compta.png 225w, https:\/\/www.saje-consulting.fr\/wp-content\/uploads\/2023\/03\/compta-150x150.png 150w\" sizes=\"(max-width: 110px) 100vw, 110px\" \/><\/td>\r\n<td>\r\n<p style=\"text-align: center;\"><a href=\"http:\/\/saje-consulting.fr\/wp-content\/uploads\/2023\/03\/ebp-programme-form-compta-niveau1-SAJE.pdf\" target=\"_blank\" rel=\"noopener noreferrer\">Programme de formation EBP COMPTA Niveau 1<\/a><\/p>\r\n<p style=\"text-align: center;\"><a href=\"http:\/\/saje-consulting.fr\/wp-content\/uploads\/2023\/03\/ebp-programme-form-compta-niveau2-SAJE.pdf\" target=\"_blank\" rel=\"noopener noreferrer\">Programme de formation EBP COMPTA Niveau 2<\/a><\/p>\r\n<\/td>\r\n<\/tr>\r\n<tr>\r\n<td><img loading=\"lazy\" class=\"alignnone  wp-image-158\" src=\"http:\/\/www.saje-consulting.fr\/wp-content\/uploads\/2023\/03\/gestion.png\" alt=\"\" width=\"116\" height=\"116\" srcset=\"https:\/\/www.saje-consulting.fr\/wp-content\/uploads\/2023\/03\/gestion.png 225w, https:\/\/www.saje-consulting.fr\/wp-content\/uploads\/2023\/03\/gestion-150x150.png 150w\" sizes=\"(max-width: 116px) 100vw, 116px\" \/><\/td>\r\n<td>\r\n<p style=\"text-align: center;\"><a href=\"http:\/\/saje-consulting.fr\/wp-content\/uploads\/2023\/03\/ebp-programme-form-gc-niveau1-SAJE.pdf\" target=\"_blank\" rel=\"noopener noreferrer\">Programme de formation EBP GESTION COMMERCIALE Niveau 1<\/a><\/p>\r\n<p style=\"text-align: center;\"><a href=\"http:\/\/saje-consulting.fr\/wp-content\/uploads\/2023\/03\/ebp-programme-form-gc-niveau2-SAJE.pdf\" target=\"_blank\" rel=\"noopener noreferrer\">Programme de formation EBP GESTION COMMERCIALE Niveau 2<\/a><\/p>\r\n<\/td>\r\n<\/tr>\r\n<tr>\r\n<td><img loading=\"lazy\" class=\"alignnone  wp-image-157\" src=\"http:\/\/www.saje-consulting.fr\/wp-content\/uploads\/2023\/03\/batiment.png\" alt=\"\" width=\"116\" height=\"116\" srcset=\"https:\/\/www.saje-consulting.fr\/wp-content\/uploads\/2023\/03\/batiment.png 225w, https:\/\/www.saje-consulting.fr\/wp-content\/uploads\/2023\/03\/batiment-150x150.png 150w\" sizes=\"(max-width: 116px) 100vw, 116px\" \/><\/td>\r\n<td style=\"text-align: center;\"><a href=\"http:\/\/saje-consulting.fr\/wp-content\/uploads\/2023\/03\/ebp-programme-form-gestion-batiment-SAJE.pdf\" target=\"_blank\" rel=\"noopener noreferrer\">Programme de formation EBP GESTION BATIMENT<\/a><\/td>\r\n<\/tr>\r\n<tr>\r\n<td><img loading=\"lazy\" class=\"alignnone  wp-image-156\" src=\"http:\/\/www.saje-consulting.fr\/wp-content\/uploads\/2023\/03\/PDV.png\" alt=\"\" width=\"109\" height=\"109\" srcset=\"https:\/\/www.saje-consulting.fr\/wp-content\/uploads\/2023\/03\/PDV.png 225w, https:\/\/www.saje-consulting.fr\/wp-content\/uploads\/2023\/03\/PDV-150x150.png 150w\" sizes=\"(max-width: 109px) 100vw, 109px\" \/><\/td>\r\n<td>\r\n<p style=\"text-align: center;\"><a href=\"http:\/\/saje-consulting.fr\/wp-content\/uploads\/2023\/03\/ebp-programme-form-pdv-backoffice-SAJE.pdf\" target=\"_blank\" rel=\"noopener noreferrer\">Programme de formation EBP POINT DE VENTE &#8211; BACK OFFICE<\/a><\/p>\r\n<p style=\"text-align: center;\"><a href=\"http:\/\/saje-consulting.fr\/wp-content\/uploads\/2023\/03\/ebp-programme-form-pdv-frontoffice-SAJE.pdf\" target=\"_blank\" rel=\"noopener noreferrer\">Programme de formation EBP POINT DE VENTE &#8211; FRONT OFFICE<\/a><\/p>\r\n<\/td>\r\n<\/tr>\r\n<\/tbody>\r\n<\/table>\r\n<p style=\"text-align: center;\"><a href=\"https:\/\/wkf.ms\/3loue3s\">Questionnaire de satisfaction<\/a><\/p>\r\n<p><img loading=\"lazy\" class=\"alignnone  wp-image-88\" src=\"http:\/\/saje-consulting.fr\/wp-content\/uploads\/2023\/03\/main-300x300.jpg\" alt=\"\" width=\"153\" height=\"153\" srcset=\"https:\/\/www.saje-consulting.fr\/wp-content\/uploads\/2023\/03\/main-300x300.jpg 300w, https:\/\/www.saje-consulting.fr\/wp-content\/uploads\/2023\/03\/main-150x150.jpg 150w, https:\/\/www.saje-consulting.fr\/wp-content\/uploads\/2023\/03\/main.jpg 500w\" sizes=\"(max-width: 153px) 100vw, 153px\" \/><\/p>\r\n\r\n<div id=\"malwarebytes-root\">\u00a0<\/div>","protected":false},"excerpt":{"rendered":"<p>&nbsp; &nbsp; Les formations EBP sont vari\u00e9es et adapt\u00e9es \u00e0 tous : de la d\u00e9couverte des fonctions principales, \u00e0 la ma\u00eetrise totale de votre solution, en passant par des formations m\u00e9tiers ou th\u00e9matiques, faites votre choix ! CV de notre formateur : ROCHE Sylvain R\u00e9glement int\u00e9rieur : T\u00e9l\u00e9chargement Co\u00fbt : 900\u20ac ht\/jour &#8211; 475\u20ac ht\/demi-journ\u00e9e [&hellip;]<\/p>\n","protected":false},"author":1,"featured_media":0,"parent":0,"menu_order":0,"comment_status":"closed","ping_status":"closed","template":"","meta":[],"_links":{"self":[{"href":"https:\/\/www.saje-consulting.fr\/index.php?rest_route=\/wp\/v2\/pages\/37"}],"collection":[{"href":"https:\/\/www.saje-consulting.fr\/index.php?rest_route=\/wp\/v2\/pages"}],"about":[{"href":"https:\/\/www.saje-consulting.fr\/index.php?rest_route=\/wp\/v2\/types\/page"}],"author":[{"embeddable":true,"href":"https:\/\/www.saje-consulting.fr\/index.php?rest_route=\/wp\/v2\/users\/1"}],"replies":[{"embeddable":true,"href":"https:\/\/www.saje-consulting.fr\/index.php?rest_route=%2Fwp%2Fv2%2Fcomments&post=37"}],"version-history":[{"count":28,"href":"https:\/\/www.saje-consulting.fr\/index.php?rest_route=\/wp\/v2\/pages\/37\/revisions"}],"predecessor-version":[{"id":190,"href":"https:\/\/www.saje-consulting.fr\/index.php?rest_route=\/wp\/v2\/pages\/37\/revisions\/190"}],"wp:attachment":[{"href":"https:\/\/www.saje-consulting.fr\/index.php?rest_route=%2Fwp%2Fv2%2Fmedia&parent=37"}],"curies":[{"name":"wp","href":"https:\/\/api.w.org\/{rel}","templated":true}]}}