{"id":38,"date":"2023-03-10T18:04:43","date_gmt":"2023-03-10T17:04:43","guid":{"rendered":"http:\/\/saje-consulting.fr\/?page_id=38"},"modified":"2023-03-18T23:37:43","modified_gmt":"2023-03-18T22:37:43","slug":"conseil","status":"publish","type":"page","link":"https:\/\/www.saje-consulting.fr\/?page_id=38","title":{"rendered":"CONSEIL"},"content":{"rendered":"<p>&nbsp;<\/p>\n<p><img loading=\"lazy\" class=\"alignnone wp-image-75\" src=\"http:\/\/saje-consulting.fr\/wp-content\/uploads\/2023\/03\/audit2-300x149.jpeg\" alt=\"\" width=\"374\" height=\"186\" srcset=\"https:\/\/www.saje-consulting.fr\/wp-content\/uploads\/2023\/03\/audit2-300x149.jpeg 300w, https:\/\/www.saje-consulting.fr\/wp-content\/uploads\/2023\/03\/audit2-1024x509.jpeg 1024w, https:\/\/www.saje-consulting.fr\/wp-content\/uploads\/2023\/03\/audit2-768x382.jpeg 768w, https:\/\/www.saje-consulting.fr\/wp-content\/uploads\/2023\/03\/audit2-1536x764.jpeg 1536w, https:\/\/www.saje-consulting.fr\/wp-content\/uploads\/2023\/03\/audit2.jpeg 2048w\" sizes=\"(max-width: 374px) 100vw, 374px\" \/><\/p>\n<p>&nbsp;<\/p>\n<p>L\u2019audit est un formidable outil de gouvernance de l\u2019informatique.<!--more--> Se basant sur des faits concrets, le rapport d\u2019audit fournit \u00e0 la direction un compte-rendu objectif de la situation actuelle et du profil de risque de l\u2019organisation ou d\u2019une probl\u00e9matique d\u00e9finie.<\/p>\n<p>Un audit informatique doit \u00eatre constructif pour toutes les parties prenantes \u2013 mandants et audit\u00e9s \u2013 afin de d\u00e9terminer les justes mesures permettant d\u2019am\u00e9liorer le fonctionnement et d\u2019optimiser le profil de risque de l\u2019organisation. L\u2019audit doit permettre aux organisations et personnes audit\u00e9es de progresser. C\u2019est pourquoi un bon rapport d\u2019audit doit transmettre des recommandations \u00e0 la fois utiles et pragmatiques, afin que celles-ci puissent \u00eatre concr\u00e8tement appliqu\u00e9es. Comme ceci, les risques op\u00e9rationnels li\u00e9s \u00e0 l\u2019informatique peuvent \u00eatre ma\u00eetris\u00e9s dans la dur\u00e9e.<\/p>\n","protected":false},"excerpt":{"rendered":"<p>&nbsp; &nbsp; L\u2019audit est un formidable outil de gouvernance de l\u2019informatique.<\/p>\n","protected":false},"author":1,"featured_media":0,"parent":0,"menu_order":0,"comment_status":"closed","ping_status":"closed","template":"","meta":[],"_links":{"self":[{"href":"https:\/\/www.saje-consulting.fr\/index.php?rest_route=\/wp\/v2\/pages\/38"}],"collection":[{"href":"https:\/\/www.saje-consulting.fr\/index.php?rest_route=\/wp\/v2\/pages"}],"about":[{"href":"https:\/\/www.saje-consulting.fr\/index.php?rest_route=\/wp\/v2\/types\/page"}],"author":[{"embeddable":true,"href":"https:\/\/www.saje-consulting.fr\/index.php?rest_route=\/wp\/v2\/users\/1"}],"replies":[{"embeddable":true,"href":"https:\/\/www.saje-consulting.fr\/index.php?rest_route=%2Fwp%2Fv2%2Fcomments&post=38"}],"version-history":[{"count":3,"href":"https:\/\/www.saje-consulting.fr\/index.php?rest_route=\/wp\/v2\/pages\/38\/revisions"}],"predecessor-version":[{"id":152,"href":"https:\/\/www.saje-consulting.fr\/index.php?rest_route=\/wp\/v2\/pages\/38\/revisions\/152"}],"wp:attachment":[{"href":"https:\/\/www.saje-consulting.fr\/index.php?rest_route=%2Fwp%2Fv2%2Fmedia&parent=38"}],"curies":[{"name":"wp","href":"https:\/\/api.w.org\/{rel}","templated":true}]}}